10) - (-8)/(-10). Let z(y) = -3*y - 17. Let o be z(x). What is the greatest common factor of o and f?
10
Let h be 1/(186/(-63) + 3). Let c be 28*(21/(-84) - (-62)/8). Calculate the greatest common divisor of c and h.
21
Let p = 283 - 193. Suppose -63*i + 1818 = 38*i. Calculate the highest common divisor of p and i.
18
Let s(x) = 229*x - 338. Let l be s(6). Calculate the greatest common divisor of l and 14.
14
Let p = -371 + 397. Calculate the greatest common factor of 169 and p.
13
Suppose -79 = 10*i - 289. Calculate the greatest common factor of i and 56.
7
Let a be 65 + ((-27)/(-9) - 0). What is the greatest common divisor of a and 306?
34
Let k be (-216)/(-21) - 2/7. Let i(f) = -21*f - 3. Let z be i(-1). Let p = z - k. What is the greatest common factor of 72 and p?
8
Let p = 19 + 71. Suppose 5*l = 10*l - p. What is the greatest common factor of 162 and l?
18
Let t(j) = -4*j**3 + 39*j**2 - 10*j + 12. Let v be t(9). Calculate the highest common factor of v and 55.
55
Suppose 0 = 174*q - 178*q + 600. What is the greatest common factor of q and 30?
30
Let j be (6/(-10))/(48/(-175440)). What is the highest common divisor of 129 and j?
129
Let o be (-522)/(-5) - (-4)/(-10). Let l = -982 - -995. What is the highest common factor of o and l?
13
Let s = 34 + 2. Suppose -4*w + 68 = s. Calculate the greatest common factor of 20 and w.
4
Let t(n) be the third derivative of 1/8*n**4 - 1/6*n**3 + 0 - 1/15*n**5 - n**2 + 0*n + 1/30*n**6. Let g be t(2). What is the greatest common factor of 7 and g?
7
Let a = -39 + 73. Suppose 4*m - q - 273 = 0, -2*q = -4*m + 162 + 112. What is the highest common divisor of m and a?
34
Suppose 5*u = 15, 11*u + 17 = 2*v + 6*u. Calculate the highest common divisor of v and 752.
16
Let b = 78 + -54. Let j(n) = n**3 - 4*n**2 - 3. Let g be j(3). Let o(r) = -r**3 - 12*r**2 + 24. Let l be o(g). What is the highest common factor of b and l?
24
Suppose 2*z + 2*u = 482, 3*u = 3*z - 395 - 322. What is the highest common factor of z and 48?
48
Let f(z) = -4*z**3 - 9*z**2 + 8*z - 23. Let a be f(-6). What is the greatest common factor of 67 and a?
67
Let j be 2/7*(-84)/(-6). What is the greatest common divisor of j and 2?
2
Suppose 2*b + 1 + 3 = -c, 0 = c - b + 4. Let s be (4 + 1430)/((-4)/10). Let l be s/(-27) - c/18. Calculate the highest common factor of l and 19.
19
Suppose 0 = -19*j - 15*j + 442. Calculate the highest common divisor of 1651 and j.
13
Suppose 14 = -g - 0*g - 3*x, x + 1 = 0. Let i be 0/(-1) - 0 - -22. Let u = g + i. Calculate the highest common divisor of u and 121.
11
Suppose 0 = -2*s - 2*a + 52, -4*s - 51 = 2*a - 153. Calculate the greatest common divisor of 5 and s.
5
Suppose c - 43 = -14. Let d = -739 - -942. Calculate the greatest common divisor of d and c.
29
Suppose -4*v + 6 = 2*f, 0*v + 23 = 2*v - 3*f. Suppose -v*r = -2*j, -5*j + 46 = 2*r + 10. What is the highest common divisor of j and 54?
6
Let b(r) = -7*r + 10. Let v be (-1 - -3)*4/(-2). Let g be b(v). Calculate the greatest common factor of g and 38.
38
Suppose -2*y - 2*h - 148 = 2*y, 2*y - 4*h + 64 = 0. Let n = 100 + y. What is the greatest common factor of n and 8?
8
Suppose 0 = 12*j - 86 - 94. Calculate the greatest common divisor of j and 40.
5
Suppose 34*k + 436 - 1626 = 0. Suppose -2*n = 3*n - 25. Calculate the highest common factor of k and n.
5
Let y be ((-87)/18)/((-10)/2820). Calculate the greatest common factor of y and 29.
29
Let u(s) = 9*s - 98. Let f be u(21). What is the highest common divisor of f and 7?
7
Let b(x) = x - 2. Let w be b(6). Suppose 2*p + 22 = w*p - 2*j, 5*p + 2*j - 20 = 0. What is the greatest common divisor of p and 4?
2
Let t be 4 + (4 - -407) + -2. What is the greatest common divisor of t and 7?
7
Let n(u) = -2*u**2 - 4*u - 6. Let g be n(-5). Let a = g + 50. Suppose 2*q - 72 + 16 = 0. What is the highest common factor of q and a?
14
Let c be ((-560)/12)/(40/15 - 3). Calculate the highest common factor of c and 100.
20
Let f(i) = 14*i - 4. Let t be f(2). Let k be t + 0/(4/2). Let u = k + -9. What is the greatest common factor of u and 135?
15
Let i be 7 - -4*(-1)/2. Suppose 3*q - 6*q + i*b = 1, 0 = -2*b - 2. Let w = 4 - q. Calculate the highest common divisor of w and 6.
6
Let o be -522*-2*5/15. Calculate the highest common factor of o and 96.
12
Let s(d) = -9*d - 27. Let c be s(-6). Let g = -28 + 55. What is the greatest common factor of c and g?
27
Suppose 9*f + o - 73 = 5*f, 88 = 4*f + 4*o. What is the greatest common divisor of f and 425?
17
Let z be 0/3 - (-1 + 0). Suppose 0 = 4*u - a - 43, 4*a + 35 = -4*u + 63. What is the greatest common divisor of z and u?
1
Suppose 23*v - 20*v = 2*z + 9, 22 = 4*z + 2*v. Let i be ((-21)/(-5))/((-2)/(-10)). What is the greatest common factor of z and i?
3
Suppose 5*z - 5*k - 85 = 0, -4*z + 188 = -2*k + 112. What is the greatest common factor of z and 147?
21
Suppose -c + 2 = -2*v, 0 = -3*v - v - 2*c + 4. Suppose 5*j - 3*i - 1128 = 0, v*j + 674 = 3*j + i. Calculate the highest common factor of j and 90.
45
Let a(p) = p**2 + 7*p + 108. Let i be a(-43). Calculate the greatest common factor of 18 and i.
18
Let b(x) = -18*x**3 + x**2 + 7*x + 5. Let a be b(-6). What is the greatest common factor of a and 23?
23
Let l = -21 + 31. Let h be 154/l - (-40)/(-100). Calculate the greatest common factor of h and 165.
15
Let c = 17 - 11. Let q = 1 + 10. Suppose -5 = 2*l - q. What is the greatest common divisor of l and c?
3
Suppose 3*i = -9 + 21. Suppose s + 4*c + 6 = 29, i*c + 16 = 0. What is the highest common factor of s and 273?
39
Suppose -3 = 2*b - 15. Suppose 0 = 3*x + b - 0. Let r(f) = -f**3 + f + 2. Let t be r(x). Calculate the greatest common factor of t and 12.
4
Let g be -2 + 5 + 3 + -5. Let m be 0/((5/5)/g). Suppose -t + 5*t - 240 = m. What is the highest common divisor of t and 12?
12
Suppose 2*g - 12 - 33 = -3*t, -5*g + 115 = 5*t. Calculate the highest common factor of 28 and g.
4
Suppose 6*r - 19*r + 416 = 0. What is the highest common divisor of r and 32?
32
Let i(l) = 13*l - 99. Let a be i(18). Calculate the highest common factor of 180 and a.
45
Suppose 2*d - 3*o - 91 = 0, -2*o + 1 = -3*o. Let m = -91 + 102. What is the highest common factor of m and d?
11
Suppose -2*d + 4*l + 88 = 0, 0 = 4*d + 14*l - 9*l - 150. What is the highest common divisor of 160 and d?
40
Let x be (-4)/(-14) + (-220)/(-14). Let d = 34 - x. Let a = -19693 + 19711. What is the highest common divisor of a and d?
18
Let y = 242 - 81. Suppose -y = 4*c - 11*c. What is the greatest common divisor of c and 161?
23
Let t = 36 - 14. What is the highest common factor of 99 and t?
11
Let w = 44 - 29. Let t be (-2 - 2) + 164 + 5. Calculate the greatest common factor of w and t.
15
Let s = -1916 + 1992. What is the greatest common divisor of 1292 and s?
76
Let d = 414 + -393. What is the greatest common factor of d and 357?
21
Let k(t) = -11 + 4*t + 4*t + t**2 + 2*t. Let n be k(-13). Calculate the highest common factor of n and 196.
28
Let o(h) = 2*h**2 - 4*h - 6. Let j be o(7). Let y(w) = -w**3 + 59*w**2 + 59*w + 76. Let m be y(60). What is the highest common divisor of j and m?
16
Let q = -1697 + 2621. Calculate the highest common factor of q and 168.
84
Let j = 3 - -18. Let n(h) = -3 - j*h + 59*h + 4. Let t be n(2). What is the highest common divisor of 11 and t?
11
Let k = 213 + 18. What is the highest common factor of k and 99?
33
Let f(k) = -8*k - 9. Let v be -8 - 0 - 4/(-1). Let d be f(v). What is the greatest common factor of 115 and d?
23
Suppose 0 = -3*h + 34 + 2. Suppose 5*v = 2*c + 294, 5*c + 61 = 4*v - 164. What is the highest common factor of h and v?
12
Suppose -4*s = -96 - 176. Suppose 2*f + s - 932 = 0. Suppose -3*a = -4*o + f, 217 - 746 = -5*o + a. What is the highest common divisor of o and 21?
21
Let w be 3/((-1)/2*-1). Suppose -u + w*u = 130. Suppose 16 = -12*i + 172. What is the greatest common divisor of u and i?
13
Let b(i) = -i**3 - 3*i**2 - i + 2. Let h be b(-4). Let t be 14/63 - (-7900)/9. Let u be t/10 + 5/25. What is the highest common divisor of u and h?
22
Suppose 5*m = 13 + 37. Let f be m + 12/(-8)*2. Calculate the greatest common factor of 63 and f.
7
Let h be (15/2)/((-6)/(-8)). Let c be 1/((-52)/(-50) - 1). What is the greatest common divisor of h and c?
5
Let h(q) = q**3 + 11*